{"id":1553,"date":"2019-02-07T17:36:28","date_gmt":"2019-02-07T17:36:28","guid":{"rendered":"http:\/\/www.torrestir.com\/?page_id=1553"},"modified":"2023-05-02T15:15:04","modified_gmt":"2023-05-02T15:15:04","slug":"sustentabilidade","status":"publish","type":"page","link":"https:\/\/www.torrestir.com\/madeira\/sustentabilidade\/","title":{"rendered":"Sustentabilidade"},"content":{"rendered":"<section class=\"wpb-content-wrapper\"><p>[vc_row css=&#8221;.vc_custom_1559900851558{margin-bottom: 00px !important;}&#8221;][vc_column offset=&#8221;vc_col-lg-9 vc_col-md-9&#8243;][vc_row_inner css=&#8221;.vc_custom_1449140720718{margin-bottom: 0px !important;}&#8221;][vc_column_inner offset=&#8221;vc_hidden-xs&#8221; css=&#8221;.vc_custom_1449140656921{margin-bottom: 80px !important;}&#8221;][vc_single_image image=&#8221;1717&#8243; img_size=&#8221;full&#8221;][\/vc_column_inner][\/vc_row_inner][vc_column_text css=&#8221;.vc_custom_1553165863142{margin-bottom: 30px !important;}&#8221;]<\/p>\n<h4>Somos uma empresa empreendedora que visa o desenvolvimento sustent\u00e1vel, comprometendo-se a minimizar o impacto da nossa atividade no meio ambiente.<\/h4>\n<p>[\/vc_column_text][vc_empty_space][vc_column_text css=&#8221;.vc_custom_1575477869612{margin-bottom: 30px !important;}&#8221;]<\/p>\n<h4>Sustentabilidade Econ\u00f3mica<\/h4>\n<p><img decoding=\"async\" loading=\"lazy\" class=\"alignnone wp-image-1725 size-full\" src=\"https:\/\/www.torrestir.com\/wp-content\/uploads\/2019\/03\/Sustentabilidade-economica-Torrestir.png\" alt=\"Sustentabilidade economica Torrestir\" width=\"825\" height=\"340\" srcset=\"https:\/\/www.torrestir.com\/madeira\/wp-content\/uploads\/sites\/4\/2019\/03\/Sustentabilidade-economica-Torrestir.png 825w, https:\/\/www.torrestir.com\/madeira\/wp-content\/uploads\/sites\/4\/2019\/03\/Sustentabilidade-economica-Torrestir-300x124.png 300w, https:\/\/www.torrestir.com\/madeira\/wp-content\/uploads\/sites\/4\/2019\/03\/Sustentabilidade-economica-Torrestir-768x317.png 768w\" sizes=\"(max-width: 825px) 100vw, 825px\" \/><\/p>\n<p>A Torrestir e as suas empresas parceiras comerciais, est\u00e3o estrategicamente orientadas para o sucesso e colocam especial \u00eanfase na proatividade, bem como na capacidade de encontrar solu\u00e7\u00f5es e implement\u00e1-las, j\u00e1 que esses fatores juntamente com o seu poder de inova\u00e7\u00e3o, s\u00e3o necess\u00e1rios para manter e ampliar a competitividade no seu futuro.<\/p>\n<p>&nbsp;<\/p>\n<h4>Sustentabilidade Social<\/h4>\n<p><img decoding=\"async\" loading=\"lazy\" class=\"alignnone wp-image-1722 size-full\" src=\"https:\/\/www.torrestir.com\/wp-content\/uploads\/2019\/03\/Sustentabilidade-social-Torrestir.jpg\" alt=\"Sustentabilidade social Torrestir\" width=\"825\" height=\"340\" srcset=\"https:\/\/www.torrestir.com\/madeira\/wp-content\/uploads\/sites\/4\/2019\/03\/Sustentabilidade-social-Torrestir.jpg 825w, https:\/\/www.torrestir.com\/madeira\/wp-content\/uploads\/sites\/4\/2019\/03\/Sustentabilidade-social-Torrestir-300x124.jpg 300w, https:\/\/www.torrestir.com\/madeira\/wp-content\/uploads\/sites\/4\/2019\/03\/Sustentabilidade-social-Torrestir-768x317.jpg 768w\" sizes=\"(max-width: 825px) 100vw, 825px\" \/><\/p>\n<p>No sentido de minimizar o impacto ambiental, a Torrestir proporciona aos seus colaboradores forma\u00e7\u00e3o adequada com intuito de proporcionar mais valias nas mais variadas fun\u00e7\u00f5es. A experi\u00eancia e antiguidade s\u00e3o pilares de sustentabilidade para a Torrestir pelo que s\u00e3o organizados eventos para entrega de pr\u00e9mios e periodicamente preparadas a\u00e7\u00f5es de team building para a promo\u00e7\u00e3o de rela\u00e7\u00f5es interpessoais entre os colaboradores, bem como a melhoria da din\u00e2mica da empresa.<\/p>\n<p>&nbsp;<\/p>\n<h4>Sustentabilidade Ambiental<\/h4>\n<p><img decoding=\"async\" loading=\"lazy\" class=\"alignnone wp-image-1719 size-full\" src=\"https:\/\/www.torrestir.com\/wp-content\/uploads\/2019\/03\/Sustentabilidade-ambiental-Torrestir.jpg\" alt=\"Sustentabilidade ambiental Torrestir\" width=\"825\" height=\"340\" srcset=\"https:\/\/www.torrestir.com\/madeira\/wp-content\/uploads\/sites\/4\/2019\/03\/Sustentabilidade-ambiental-Torrestir.jpg 825w, https:\/\/www.torrestir.com\/madeira\/wp-content\/uploads\/sites\/4\/2019\/03\/Sustentabilidade-ambiental-Torrestir-300x124.jpg 300w, https:\/\/www.torrestir.com\/madeira\/wp-content\/uploads\/sites\/4\/2019\/03\/Sustentabilidade-ambiental-Torrestir-768x317.jpg 768w\" sizes=\"(max-width: 825px) 100vw, 825px\" \/><\/p>\n<p>O Ambiente \u00e9 responsabilidade assumida e partilhada por todos os colaboradores da empresa. Estando as pol\u00edticas de Gest\u00e3o do Ambiente sujeitas a melhorias cont\u00ednuas, devem ser utilizados os erros como meio de aprendizagem e consequente melhoria no nosso desempenho.<\/p>\n<p>Comprometidos com as gera\u00e7\u00f5es vindouras, a Torrestir procura adquirir ve\u00edculos amigos do ambiente, tendo uma frota com uma idade m\u00e9dia de 3 anos.<\/p>\n<p>A renova\u00e7\u00e3o da frota permite assim uma redu\u00e7\u00e3o m\u00e9dia anual do consumo de combust\u00edvel, que poderia encher uma piscina e meia, com as dimens\u00f5es similares a uma piscina municipal.<\/p>\n<p>Esta redu\u00e7\u00e3o no consumo de combust\u00edvel possibilitaria a circula\u00e7\u00e3o anual de 952 carros ligeiros, ou seja, uma redu\u00e7\u00e3o de 2204 ton de CO2. De notar que, s\u00e3o reciclados anualmente 63% dos res\u00edduos produzidos pela empresa.[\/vc_column_text][\/vc_column][vc_column width=&#8221;1\/4&#8243; offset=&#8221;vc_hidden-sm vc_hidden-xs&#8221;][stm_sidebar sidebar=&#8221;48&#8243;][\/vc_column][\/vc_row][vc_row full_width=&#8221;stretch_row&#8221; css=&#8221;.vc_custom_1559899749475{margin-bottom: 0px !important;}&#8221;][vc_column css=&#8221;.vc_custom_1678122974451{padding-top: 30px !important;padding-bottom: 30px !important;}&#8221;][vc_empty_space height=&#8221;10px&#8221;][vc_separator style=&#8221;shadow&#8221;][vc_column_text]<style id=\"sp_lcp_dynamic_css7458\">div#logo-carousel-free-7458.logo-carousel-free .sp-lc-logo{border: 1px none #dddddd;border-radius: 0px;overflow: hidden;}div#logo-carousel-free-7458.logo-carousel-free .sp-lc-logo:hover{border-color: #16a08b;}@media only screen and (max-width: 576px) {#logo-carousel-free-7458.sp-lc-container .sp-lc-button-prev,#logo-carousel-free-7458.sp-lc-container .sp-lc-button-next {display: none;}#logo-carousel-free-7458.sp-lc-container .sp-lc-pagination .swiper-pagination-bullet {display: none;}} .logo-carousel-free-area#logo-carousel-free-7458{position: relative;}#lcp-preloader-7458{position: absolute;left: 0;top: 0;height: 100%;width: 100%;text-align: center;display: flex;align-items: center;justify-content: center;background: #fff;z-index: 9999;} .logo-carousel-free-area#logo-carousel-free-7458 .sp-logo-carousel-section-title{margin-bottom: 30px;}#logo-carousel-free-7458 .sp-lc-grid-container { justify-content: left; align-items: center; } #logo-carousel-free-7458 .swiper-wrapper .swiper-slide { align-self: center; }#logo-carousel-free-7458 .sp-lc-grid-container {margin-left: -17.5px;margin-right: -17.5px;width: calc( 100% + 35px);}#logo-carousel-free-7458 .sp-lc-grid-container [class*=\"lc-col\"] {padding-left: 17.5px;padding-right: 17.5px;padding-bottom: 12px;}@media screen and (min-width: 1200px ){.logo-carousel-free-area#logo-carousel-free-7458 .sp-logo-carousel:not([class*=\"-initialized\"]) > .swiper-wrapper {display: flex;width: calc( 100% + 35px );}.logo-carousel-free-area#logo-carousel-free-7458 .sp-logo-carousel:not([class*=\"-initialized\"]) > .swiper-wrapper > .swiper-slide {width: 16.666666666667%;padding-right: 35px;}}<\/style>\n<div id='logo-carousel-free-7458' class=\"logo-carousel-free logo-carousel-free-area sp-lc-container\">\n\t\t\t<div id=\"lcp-preloader-7458\" class=\"sp-logo-carousel-preloader\"><img src=\"https:\/\/www.torrestir.com\/madeira\/wp-content\/plugins\/logo-carousel-free\/admin\/assets\/images\/spinner.svg\" class=\"skip-lazy\" alt=\"Loader Image\"\/><\/div>\n\t\t\t<div id=\"sp-logo-carousel-id-7458\" class=\"swiper-container sp-logo-carousel  lcp-preloader\" dir=\"ltr\" data-carousel='{ \"speed\":600,\"spaceBetween\": 35, \"autoplay\": true, \"infinite\":true, \"autoplay_speed\": 2000, \"stop_onHover\": true, \"pagination\": false, \"navigation\": false, \"MobileNav\": false, \"MobilePagi\": false, \"simulateTouch\": true,\"freeMode\": true,\"swipeToSlide\": false, \"carousel_accessibility\": true,\"adaptiveHeight\": false,\"allowTouchMove\": true, \"slidesPerView\": { \"lg_desktop\": 6, \"desktop\": 5, \"tablet\": 3, \"mobile\": 2, \"mobile_landscape\": 4 } }' data-carousel-starts-onscreen=\"false\">\n\t\t<div class=\"swiper-wrapper\">\n\t\t\t\t<div class=\"swiper-slide\"><div class=\"sp-lc-logo\"><img src=\"https:\/\/www.torrestir.com\/madeira\/wp-content\/uploads\/sites\/4\/2023\/03\/SGS_ISO_9001_PT_round_TCL_H-1-e1678989370159.jpg\" title=\"Presta\u00e7\u00e3o de Servi\u00e7os Transit\u00e1rio Nacionais e Internacionais, por via A\u00e9rea, Mar\u00edtima e Terrestre\" alt=\"Presta\u00e7\u00e3o de Servi\u00e7os Transit\u00e1rio Nacionais e Internacionais, por via A\u00e9rea, Mar\u00edtima e Terrestre\" width=\"80\" height=\"78\" class=\"sp-lc-image\"><\/div><\/div>\n\t\t<div class=\"swiper-slide\"><div class=\"sp-lc-logo\"><img src=\"https:\/\/www.torrestir.com\/madeira\/wp-content\/uploads\/sites\/4\/2019\/10\/antram.png\" title=\"Certificado Antram\" alt=\"Certificado Antram\" width=\"119\" height=\"52\" class=\"sp-lc-image\"><\/div><\/div>\n\t\t<div class=\"swiper-slide\"><div class=\"sp-lc-logo\"><img src=\"https:\/\/www.torrestir.com\/madeira\/wp-content\/uploads\/sites\/4\/2019\/10\/iata.png\" title=\"Certificado Iata\" alt=\"Certificado Iata\" width=\"119\" height=\"52\" class=\"sp-lc-image\"><\/div><\/div>\n\t\t<div class=\"swiper-slide\"><div class=\"sp-lc-logo\"><img src=\"https:\/\/www.torrestir.com\/madeira\/wp-content\/uploads\/sites\/4\/2019\/10\/fiata.png\" title=\"Certificado Fiata\" alt=\"Certificado Fiata\" width=\"119\" height=\"52\" class=\"sp-lc-image\"><\/div><\/div>\n\t\t<div class=\"swiper-slide\"><div class=\"sp-lc-logo\"><img src=\"https:\/\/www.torrestir.com\/madeira\/wp-content\/uploads\/sites\/4\/2019\/10\/wcalliance.png\" title=\"Certificado World Cargo Alliance\" alt=\"Certificado World Cargo Alliance\" width=\"119\" height=\"52\" class=\"sp-lc-image\"><\/div><\/div>\n\t\t<div class=\"swiper-slide\"><div class=\"sp-lc-logo\"><img src=\"https:\/\/www.torrestir.com\/madeira\/wp-content\/uploads\/sites\/4\/2019\/10\/ifa.png\" title=\"Certificado Ifa\" alt=\"Certificado Ifa\" width=\"119\" height=\"52\" class=\"sp-lc-image\"><\/div><\/div>\n\t\t<div class=\"swiper-slide\"><div class=\"sp-lc-logo\"><img src=\"https:\/\/www.torrestir.com\/madeira\/wp-content\/uploads\/sites\/4\/2019\/10\/wca.png\" title=\"Certificado Wca\" alt=\"Certificado Wca\" width=\"119\" height=\"52\" class=\"sp-lc-image\"><\/div><\/div>\n\t\t\t<\/div>\n\n\t\t\t<\/div>\n<\/div>\n[\/vc_column_text][\/vc_column][\/vc_row]<\/p>\n<\/section>","protected":false},"excerpt":{"rendered":"<p>[vc_row css=&#8221;.vc_custom_1559900851558{margin-bottom: 00px !important;}&#8221;][vc_column offset=&#8221;vc_col-lg-9 vc_col-md-9&#8243;][vc_row_inner css=&#8221;.vc_custom_1449140720718{margin-bottom: 0px !important;}&#8221;][vc_column_inner offset=&#8221;vc_hidden-xs&#8221; css=&#8221;.vc_custom_1449140656921{margin-bottom: 80px !important;}&#8221;][vc_single_image image=&#8221;1717&#8243; img_size=&#8221;full&#8221;][\/vc_column_inner][\/vc_row_inner][vc_column_text css=&#8221;.vc_custom_1553165863142{margin-bottom: 30px !important;}&#8221;] Somos uma empresa empreendedora que visa o desenvolvimento sustent\u00e1vel, comprometendo-se a minimizar o impacto da&#8230;<\/p>\n","protected":false},"author":4,"featured_media":0,"parent":0,"menu_order":0,"comment_status":"closed","ping_status":"closed","template":"","meta":{"_uag_custom_page_level_css":""},"yoast_head":"<!-- This site is optimized with the Yoast SEO plugin v21.1 - https:\/\/yoast.com\/wordpress\/plugins\/seo\/ -->\n<title>Sustentabilidade - Torrestir Madeira<\/title>\n<meta name=\"description\" content=\"Somos uma empresa empreendedora que visa o desenvolvimento sustent\u00e1vel, comprometendo-se a minimizar o impacto da nossa atividade no meio ambiente.\" \/>\n<meta name=\"robots\" content=\"index, follow, max-snippet:-1, max-image-preview:large, max-video-preview:-1\" \/>\n<link rel=\"canonical\" href=\"https:\/\/www.torrestir.com\/madeira\/sustentabilidade\/\" \/>\n<meta property=\"og:locale\" content=\"pt_PT\" \/>\n<meta property=\"og:type\" content=\"article\" \/>\n<meta property=\"og:title\" content=\"Sustentabilidade - Torrestir Madeira\" \/>\n<meta property=\"og:description\" content=\"Somos uma empresa empreendedora que visa o desenvolvimento sustent\u00e1vel, comprometendo-se a minimizar o impacto da nossa atividade no meio ambiente.\" \/>\n<meta property=\"og:url\" content=\"https:\/\/www.torrestir.com\/madeira\/sustentabilidade\/\" \/>\n<meta property=\"og:site_name\" content=\"Torrestir Madeira\" \/>\n<meta property=\"article:modified_time\" content=\"2023-05-02T15:15:04+00:00\" \/>\n<meta property=\"og:image\" content=\"https:\/\/www.torrestir.com\/wp-content\/uploads\/2019\/03\/Sustentabilidade-economica-Torrestir.png\" \/>\n<meta name=\"twitter:card\" content=\"summary_large_image\" \/>\n<meta name=\"twitter:label1\" content=\"Tempo estimado de leitura\" \/>\n\t<meta name=\"twitter:data1\" content=\"3 minutos\" \/>\n<script type=\"application\/ld+json\" class=\"yoast-schema-graph\">{\"@context\":\"https:\/\/schema.org\",\"@graph\":[{\"@type\":\"WebPage\",\"@id\":\"https:\/\/www.torrestir.com\/madeira\/sustentabilidade\/\",\"url\":\"https:\/\/www.torrestir.com\/madeira\/sustentabilidade\/\",\"name\":\"Sustentabilidade - Torrestir Madeira\",\"isPartOf\":{\"@id\":\"https:\/\/www.torrestir.com\/madeira\/#website\"},\"datePublished\":\"2019-02-07T17:36:28+00:00\",\"dateModified\":\"2023-05-02T15:15:04+00:00\",\"description\":\"Somos uma empresa empreendedora que visa o desenvolvimento sustent\u00e1vel, comprometendo-se a minimizar o impacto da nossa atividade no meio ambiente.\",\"breadcrumb\":{\"@id\":\"https:\/\/www.torrestir.com\/madeira\/sustentabilidade\/#breadcrumb\"},\"inLanguage\":\"pt-PT\",\"potentialAction\":[{\"@type\":\"ReadAction\",\"target\":[\"https:\/\/www.torrestir.com\/madeira\/sustentabilidade\/\"]}]},{\"@type\":\"BreadcrumbList\",\"@id\":\"https:\/\/www.torrestir.com\/madeira\/sustentabilidade\/#breadcrumb\",\"itemListElement\":[{\"@type\":\"ListItem\",\"position\":1,\"name\":\"In\u00edcio\",\"item\":\"https:\/\/www.torrestir.com\/madeira\/\"},{\"@type\":\"ListItem\",\"position\":2,\"name\":\"Sustentabilidade\"}]},{\"@type\":\"WebSite\",\"@id\":\"https:\/\/www.torrestir.com\/madeira\/#website\",\"url\":\"https:\/\/www.torrestir.com\/madeira\/\",\"name\":\"Torrestir Madeira\",\"description\":\"Sem limites\",\"potentialAction\":[{\"@type\":\"SearchAction\",\"target\":{\"@type\":\"EntryPoint\",\"urlTemplate\":\"https:\/\/www.torrestir.com\/madeira\/?s={search_term_string}\"},\"query-input\":\"required name=search_term_string\"}],\"inLanguage\":\"pt-PT\"}]}<\/script>\n<!-- \/ Yoast SEO plugin. -->","yoast_head_json":{"title":"Sustentabilidade - Torrestir Madeira","description":"Somos uma empresa empreendedora que visa o desenvolvimento sustent\u00e1vel, comprometendo-se a minimizar o impacto da nossa atividade no meio ambiente.","robots":{"index":"index","follow":"follow","max-snippet":"max-snippet:-1","max-image-preview":"max-image-preview:large","max-video-preview":"max-video-preview:-1"},"canonical":"https:\/\/www.torrestir.com\/madeira\/sustentabilidade\/","og_locale":"pt_PT","og_type":"article","og_title":"Sustentabilidade - Torrestir Madeira","og_description":"Somos uma empresa empreendedora que visa o desenvolvimento sustent\u00e1vel, comprometendo-se a minimizar o impacto da nossa atividade no meio ambiente.","og_url":"https:\/\/www.torrestir.com\/madeira\/sustentabilidade\/","og_site_name":"Torrestir Madeira","article_modified_time":"2023-05-02T15:15:04+00:00","og_image":[{"url":"https:\/\/www.torrestir.com\/wp-content\/uploads\/2019\/03\/Sustentabilidade-economica-Torrestir.png"}],"twitter_card":"summary_large_image","twitter_misc":{"Tempo estimado de leitura":"3 minutos"},"schema":{"@context":"https:\/\/schema.org","@graph":[{"@type":"WebPage","@id":"https:\/\/www.torrestir.com\/madeira\/sustentabilidade\/","url":"https:\/\/www.torrestir.com\/madeira\/sustentabilidade\/","name":"Sustentabilidade - Torrestir Madeira","isPartOf":{"@id":"https:\/\/www.torrestir.com\/madeira\/#website"},"datePublished":"2019-02-07T17:36:28+00:00","dateModified":"2023-05-02T15:15:04+00:00","description":"Somos uma empresa empreendedora que visa o desenvolvimento sustent\u00e1vel, comprometendo-se a minimizar o impacto da nossa atividade no meio ambiente.","breadcrumb":{"@id":"https:\/\/www.torrestir.com\/madeira\/sustentabilidade\/#breadcrumb"},"inLanguage":"pt-PT","potentialAction":[{"@type":"ReadAction","target":["https:\/\/www.torrestir.com\/madeira\/sustentabilidade\/"]}]},{"@type":"BreadcrumbList","@id":"https:\/\/www.torrestir.com\/madeira\/sustentabilidade\/#breadcrumb","itemListElement":[{"@type":"ListItem","position":1,"name":"In\u00edcio","item":"https:\/\/www.torrestir.com\/madeira\/"},{"@type":"ListItem","position":2,"name":"Sustentabilidade"}]},{"@type":"WebSite","@id":"https:\/\/www.torrestir.com\/madeira\/#website","url":"https:\/\/www.torrestir.com\/madeira\/","name":"Torrestir Madeira","description":"Sem limites","potentialAction":[{"@type":"SearchAction","target":{"@type":"EntryPoint","urlTemplate":"https:\/\/www.torrestir.com\/madeira\/?s={search_term_string}"},"query-input":"required name=search_term_string"}],"inLanguage":"pt-PT"}]}},"uagb_featured_image_src":{"full":false,"thumbnail":false,"medium":false,"medium_large":false,"large":false,"timeline-express":false,"timeline-express-thumbnail":false,"1536x1536":false,"2048x2048":false,"transcargo-image-255x170-croped":false,"transcargo-image-270x330-croped":false,"transcargo_image-600x377-croped":false,"transcargo_image-350x230-croped":false,"transcargo_image-130x130-croped":false,"transcargo_image-40x40-croped":false,"transcargo_image-1600x1024":false},"uagb_author_info":{"display_name":"","author_link":"https:\/\/www.torrestir.com\/madeira\/author\/"},"uagb_comment_info":0,"uagb_excerpt":"[vc_row css=&#8221;.vc_custom_1559900851558{margin-bottom: 00px !important;}&#8221;][vc_column offset=&#8221;vc_col-lg-9 vc_col-md-9&#8243;][vc_row_inner css=&#8221;.vc_custom_1449140720718{margin-bottom: 0px !important;}&#8221;][vc_column_inner offset=&#8221;vc_hidden-xs&#8221; css=&#8221;.vc_custom_1449140656921{margin-bottom: 80px !important;}&#8221;][vc_single_image image=&#8221;1717&#8243; img_size=&#8221;full&#8221;][\/vc_column_inner][\/vc_row_inner][vc_column_text css=&#8221;.vc_custom_1553165863142{margin-bottom: 30px !important;}&#8221;] Somos uma empresa empreendedora que visa o desenvolvimento sustent\u00e1vel, comprometendo-se a minimizar o impacto da...","_links":{"self":[{"href":"https:\/\/www.torrestir.com\/madeira\/wp-json\/wp\/v2\/pages\/1553"}],"collection":[{"href":"https:\/\/www.torrestir.com\/madeira\/wp-json\/wp\/v2\/pages"}],"about":[{"href":"https:\/\/www.torrestir.com\/madeira\/wp-json\/wp\/v2\/types\/page"}],"author":[{"embeddable":true,"href":"https:\/\/www.torrestir.com\/madeira\/wp-json\/wp\/v2\/users\/4"}],"replies":[{"embeddable":true,"href":"https:\/\/www.torrestir.com\/madeira\/wp-json\/wp\/v2\/comments?post=1553"}],"version-history":[{"count":2,"href":"https:\/\/www.torrestir.com\/madeira\/wp-json\/wp\/v2\/pages\/1553\/revisions"}],"predecessor-version":[{"id":8127,"href":"https:\/\/www.torrestir.com\/madeira\/wp-json\/wp\/v2\/pages\/1553\/revisions\/8127"}],"wp:attachment":[{"href":"https:\/\/www.torrestir.com\/madeira\/wp-json\/wp\/v2\/media?parent=1553"}],"curies":[{"name":"wp","href":"https:\/\/api.w.org\/{rel}","templated":true}]}}