{"id":1529,"date":"2019-02-07T16:49:01","date_gmt":"2019-02-07T16:49:01","guid":{"rendered":"http:\/\/www.torrestir.com\/?page_id=1529"},"modified":"2023-05-08T09:20:11","modified_gmt":"2023-05-08T09:20:11","slug":"setores","status":"publish","type":"page","link":"https:\/\/www.torrestir.com\/acores\/setores\/","title":{"rendered":"Setores"},"content":{"rendered":"<section class=\"wpb-content-wrapper\"><p>[vc_row css=&#8221;.vc_custom_1559904492967{margin-bottom: 50px !important;}&#8221;][vc_column][rev_slider_vc alias=&#8221;setores&#8221;][vc_column_text css=&#8221;.vc_custom_1559904408807{margin-bottom: 30px !important;}&#8221;]<\/p>\n<h2>Especialistas em diversos setores<\/h2>\n<p>Na Torrestir, temos sempre a melhor solu\u00e7\u00e3o para si, independentemente da sua \u00e1rea de neg\u00f3cio. Oferecemos-lhe uma gama completa de servi\u00e7os, da importa\u00e7\u00e3o \u00e0 exporta\u00e7\u00e3o, da armazenagem \u00e0 distribui\u00e7\u00e3o, nas mais variadas \u00e1reas de atua\u00e7\u00e3o, proporcionando-lhe total controlo e informa\u00e7\u00e3o sobre todo o processo de movimenta\u00e7\u00e3o da sua mercadoria.[\/vc_column_text][vc_column_text css=&#8221;.vc_custom_1559904484757{margin-top: 60px !important;margin-bottom: 30px !important;}&#8221;]<\/p>\n<h2>Conhe\u00e7a as nossas principais \u00e1reas de atua\u00e7\u00e3o<\/h2>\n<p>[\/vc_column_text][\/vc_column][\/vc_row][vc_row][vc_column width=&#8221;1\/2&#8243;][vc_column_text css=&#8221;.vc_custom_1550075256902{margin-bottom: 30px !important;}&#8221;]<\/p>\n<h3>Pharma &amp; Healthcare<\/h3>\n<p>[\/vc_column_text][vc_single_image image=&#8221;1566&#8243; img_size=&#8221;large&#8221;][vc_column_text css=&#8221;.vc_custom_1550763063457{margin-bottom: 30px !important;}&#8221;]A Torrestir ao longo dos anos tem acompanhado a evolu\u00e7\u00e3o do setor farmac\u00eautico, colocando ao seu dispor servi\u00e7os altamente especializados e diferenciadores nas \u00e1reas de log\u00edstica e\u00a0transporte.[\/vc_column_text][\/vc_column][vc_column width=&#8221;1\/2&#8243;][vc_column_text css=&#8221;.vc_custom_1550075634735{margin-bottom: 30px !important;}&#8221;]<\/p>\n<h3>Retalho<\/h3>\n<p>[\/vc_column_text][vc_single_image image=&#8221;1567&#8243; img_size=&#8221;large&#8221;][vc_column_text css=&#8221;.vc_custom_1550763103037{margin-bottom: 30px !important;}&#8221;]Face \u00e0 exig\u00eancia do setor, dispomos de plataformas estrategicamente localizadas por todo o pa\u00eds, bem como de uma grande diversidade de viaturas que nos permite fazer entrega da sua encomenda em qualquer lugar, a qualquer hora.[\/vc_column_text][\/vc_column][\/vc_row][vc_row][vc_column width=&#8221;1\/2&#8243;][vc_column_text css=&#8221;.vc_custom_1550075736072{margin-bottom: 30px !important;}&#8221;]<\/p>\n<h3>Perec\u00edvel<\/h3>\n<p>[\/vc_column_text][vc_single_image image=&#8221;1568&#8243; img_size=&#8221;large&#8221;][vc_column_text css=&#8221;.vc_custom_1550763302074{margin-bottom: 30px !important;}&#8221;]Na ind\u00fastria perec\u00edvel, o sucesso depende de um fornecedor de log\u00edstica que garanta o transporte e controlo otimizado desses produtos,\u00a0salvaguardando a sua integridade, prolongando a vida \u00fatil e minimizando o desperd\u00edcio.[\/vc_column_text][\/vc_column][vc_column width=&#8221;1\/2&#8243;][vc_column_text css=&#8221;.vc_custom_1550075777511{margin-bottom: 30px !important;}&#8221;]<\/p>\n<h3>Alimentar e bebidas<\/h3>\n<p>[\/vc_column_text][vc_single_image image=&#8221;1569&#8243; img_size=&#8221;large&#8221;][vc_column_text css=&#8221;.vc_custom_1550763452504{margin-bottom: 30px !important;}&#8221;]Num setor em franco crescimento, altamente competitivo e com requisitos muitos espec\u00edficos, disponibilizamos as boas pr\u00e1ticas de distribui\u00e7\u00e3o de produtos alimentares, de modo a garantir sempre as normas de seguran\u00e7a alimentar.[\/vc_column_text][\/vc_column][\/vc_row][vc_row][vc_column width=&#8221;1\/2&#8243;][vc_column_text css=&#8221;.vc_custom_1550075822773{margin-bottom: 30px !important;}&#8221;]<\/p>\n<h3>Fashion<\/h3>\n<p>[\/vc_column_text][vc_single_image image=&#8221;1570&#8243; img_size=&#8221;large&#8221;][vc_column_text css=&#8221;.vc_custom_1550763521294{margin-bottom: 30px !important;}&#8221;]Exclusividade, seguran\u00e7a e rapidez s\u00e3o as tr\u00eas palavras-chave deste setor.\u00a0Com elevada experi\u00eancia nesta \u00e1rea de neg\u00f3cio, desenhamos solu\u00e7\u00f5es \u00e0 medida de cada cliente para ir de encontro \u00e0s especificidades de cada modelo de neg\u00f3cio.[\/vc_column_text][\/vc_column][vc_column width=&#8221;1\/2&#8243;][vc_column_text css=&#8221;.vc_custom_1550075858977{margin-bottom: 30px !important;}&#8221;]<\/p>\n<h3>Automotive<\/h3>\n<p>[\/vc_column_text][vc_single_image image=&#8221;1571&#8243; img_size=&#8221;large&#8221;][vc_column_text css=&#8221;.vc_custom_1550763670754{margin-bottom: 30px !important;}&#8221;]Sendo um dos setores mais exigentes, onde os requisitos &#8220;Just-In-Time&#8221; s\u00e3o obrigat\u00f3rios, contamos com uma rede global e colaboradores especializados para garantir o rigor e competitividade na melhoria de desempenho e redu\u00e7\u00e3o de custos.[\/vc_column_text][\/vc_column][\/vc_row][vc_row][vc_column width=&#8221;1\/2&#8243;][vc_column_text css=&#8221;.vc_custom_1550075909012{margin-bottom: 30px !important;}&#8221;]<\/p>\n<h3>Tecnologia<\/h3>\n<p>[\/vc_column_text][vc_single_image image=&#8221;1572&#8243; img_size=&#8221;large&#8221;][vc_column_text css=&#8221;.vc_custom_1550763738769{margin-bottom: 30px !important;}&#8221;]Sendo um setor em constante muta\u00e7\u00e3o e desenvolvimento, onde a seguran\u00e7a e cumprimento de prazos s\u00e3o uma exig\u00eancia, disponibilizamos uma solu\u00e7\u00e3o diferenciadora, que permite ter um controlo completo da encomenda.[\/vc_column_text][\/vc_column][vc_column width=&#8221;1\/2&#8243;][vc_column_text css=&#8221;.vc_custom_1550075932590{margin-bottom: 30px !important;}&#8221;]<\/p>\n<h3>Energias renov\u00e1veis<\/h3>\n<p>[\/vc_column_text][vc_single_image image=&#8221;1573&#8243; img_size=&#8221;large&#8221;][vc_column_text css=&#8221;.vc_custom_1553187746191{margin-bottom: 30px !important;}&#8221;]Na Torrestir acreditamos num futuro sustent\u00e1vel e, por isso,\u00a0criamos solu\u00e7\u00f5es log\u00edsticas especiais para energia e\u00f3lica, solar e bioenergia, de forma a otimizar a cadeia de abastecimento dos nossos clientes.[\/vc_column_text][\/vc_column][\/vc_row][vc_row full_width=&#8221;stretch_row&#8221; el_class=&#8221;secondary_bg_color&#8221; css=&#8221;.vc_custom_1559840229264{margin-bottom: 0px !important;}&#8221;][vc_column][vc_cta h2=&#8221;Agende uma reuni\u00e3o comercial&#8221; shape=&#8221;square&#8221; add_button=&#8221;right&#8221; btn_title=&#8221;Contacte-nos&#8221; btn_style=&#8221;outline&#8221; btn_shape=&#8221;round&#8221; btn_color=&#8221;white&#8221; btn_i_align=&#8221;right&#8221; btn_i_icon_fontawesome=&#8221;fas fa-arrow-right&#8221; btn_add_icon=&#8221;true&#8221; el_class=&#8221;secondary_bg_color&#8221; btn_link=&#8221;url:https%3A%2F%2Fwww.torrestir.com%2Facores%2Fcontactos%2F&#8221;][\/vc_cta][\/vc_column][\/vc_row][vc_row full_width=&#8221;stretch_row&#8221; css=&#8221;.vc_custom_1559904351398{margin-bottom: 0px !important;}&#8221;][vc_column css=&#8221;.vc_custom_1678122339042{padding-top: 30px !important;padding-bottom: 30px !important;}&#8221;][vc_column_text]<style id=\"sp_lcp_dynamic_css7458\">div#logo-carousel-free-7458.logo-carousel-free .sp-lc-logo{border: 1px none #dddddd;border-radius: 0px;overflow: hidden;}div#logo-carousel-free-7458.logo-carousel-free .sp-lc-logo:hover{border-color: #16a08b;}@media only screen and (max-width: 576px) {#logo-carousel-free-7458.sp-lc-container .sp-lc-button-prev,#logo-carousel-free-7458.sp-lc-container .sp-lc-button-next {display: none;}#logo-carousel-free-7458.sp-lc-container .sp-lc-pagination .swiper-pagination-bullet {display: none;}} .logo-carousel-free-area#logo-carousel-free-7458{position: relative;}#lcp-preloader-7458{position: absolute;left: 0;top: 0;height: 100%;width: 100%;text-align: center;display: flex;align-items: center;justify-content: center;background: #fff;z-index: 9999;} .logo-carousel-free-area#logo-carousel-free-7458 .sp-logo-carousel-section-title{margin-bottom: 30px;}#logo-carousel-free-7458 .sp-lc-grid-container { justify-content: left; align-items: center; } #logo-carousel-free-7458 .swiper-wrapper .swiper-slide { align-self: center; }#logo-carousel-free-7458 .sp-lc-grid-container {margin-left: -17.5px;margin-right: -17.5px;width: calc( 100% + 35px);}#logo-carousel-free-7458 .sp-lc-grid-container [class*=\"lc-col\"] {padding-left: 17.5px;padding-right: 17.5px;padding-bottom: 12px;}@media screen and (min-width: 1200px ){.logo-carousel-free-area#logo-carousel-free-7458 .sp-logo-carousel:not([class*=\"-initialized\"]) > .swiper-wrapper {display: flex;width: calc( 100% + 35px );}.logo-carousel-free-area#logo-carousel-free-7458 .sp-logo-carousel:not([class*=\"-initialized\"]) > .swiper-wrapper > .swiper-slide {width: 16.666666666667%;padding-right: 35px;}}<\/style>\n<div id='logo-carousel-free-7458' class=\"logo-carousel-free logo-carousel-free-area sp-lc-container\">\n\t\t\t<div id=\"lcp-preloader-7458\" class=\"sp-logo-carousel-preloader\"><img src=\"https:\/\/www.torrestir.com\/acores\/wp-content\/plugins\/logo-carousel-free\/admin\/assets\/images\/spinner.svg\" class=\"skip-lazy\" alt=\"Loader Image\"\/><\/div>\n\t\t\t<div id=\"sp-logo-carousel-id-7458\" class=\"swiper-container sp-logo-carousel  lcp-preloader\" dir=\"ltr\" data-carousel='{ \"speed\":600,\"spaceBetween\": 35, \"autoplay\": true, \"infinite\":true, \"autoplay_speed\": 2000, \"stop_onHover\": true, \"pagination\": false, \"navigation\": false, \"MobileNav\": false, \"MobilePagi\": false, \"simulateTouch\": true,\"freeMode\": true,\"swipeToSlide\": false, \"carousel_accessibility\": true,\"adaptiveHeight\": false,\"allowTouchMove\": true, \"slidesPerView\": { \"lg_desktop\": 6, \"desktop\": 4, \"tablet\": 3, \"mobile\": 1, \"mobile_landscape\": 2 } }' data-carousel-starts-onscreen=\"false\">\n\t\t<div class=\"swiper-wrapper\">\n\t\t\t\t<div class=\"swiper-slide\"><div class=\"sp-lc-logo\"><img src=\"https:\/\/www.torrestir.com\/acores\/wp-content\/uploads\/sites\/5\/2023\/03\/SGS_ISO_9001_PT_round_TCL_H-1-e1678989370159.jpg\" title=\"Presta\u00e7\u00e3o de Servi\u00e7os Transit\u00e1rio Nacionais e Internacionais, por via A\u00e9rea, Mar\u00edtima e Terrestre\" alt=\"Presta\u00e7\u00e3o de Servi\u00e7os Transit\u00e1rio Nacionais e Internacionais, por via A\u00e9rea, Mar\u00edtima e Terrestre\" width=\"80\" height=\"78\" class=\"sp-lc-image\"><\/div><\/div>\n\t\t<div class=\"swiper-slide\"><div class=\"sp-lc-logo\"><img src=\"https:\/\/www.torrestir.com\/acores\/wp-content\/uploads\/sites\/5\/2019\/10\/antram.png\" title=\"Certificado Antram\" alt=\"Certificado Antram\" width=\"119\" height=\"52\" class=\"sp-lc-image\"><\/div><\/div>\n\t\t<div class=\"swiper-slide\"><div class=\"sp-lc-logo\"><img src=\"https:\/\/www.torrestir.com\/acores\/wp-content\/uploads\/sites\/5\/2019\/10\/iata.png\" title=\"Certificado Iata\" alt=\"Certificado Iata\" width=\"119\" height=\"52\" class=\"sp-lc-image\"><\/div><\/div>\n\t\t<div class=\"swiper-slide\"><div class=\"sp-lc-logo\"><img src=\"https:\/\/www.torrestir.com\/acores\/wp-content\/uploads\/sites\/5\/2019\/10\/fiata.png\" title=\"Certificado Fiata\" alt=\"Certificado Fiata\" width=\"119\" height=\"52\" class=\"sp-lc-image\"><\/div><\/div>\n\t\t<div class=\"swiper-slide\"><div class=\"sp-lc-logo\"><img src=\"https:\/\/www.torrestir.com\/acores\/wp-content\/uploads\/sites\/5\/2019\/10\/wcalliance.png\" title=\"Certificado World Cargo Alliance\" alt=\"Certificado World Cargo Alliance\" width=\"119\" height=\"52\" class=\"sp-lc-image\"><\/div><\/div>\n\t\t<div class=\"swiper-slide\"><div class=\"sp-lc-logo\"><img src=\"https:\/\/www.torrestir.com\/acores\/wp-content\/uploads\/sites\/5\/2019\/10\/ifa.png\" title=\"Certificado Ifa\" alt=\"Certificado Ifa\" width=\"119\" height=\"52\" class=\"sp-lc-image\"><\/div><\/div>\n\t\t<div class=\"swiper-slide\"><div class=\"sp-lc-logo\"><img src=\"https:\/\/www.torrestir.com\/acores\/wp-content\/uploads\/sites\/5\/2019\/10\/wca.png\" title=\"Certificado Wca\" alt=\"Certificado Wca\" width=\"119\" height=\"52\" class=\"sp-lc-image\"><\/div><\/div>\n\t\t\t<\/div>\n\n\t\t\t<\/div>\n<\/div>\n[\/vc_column_text][\/vc_column][\/vc_row]<\/p>\n<\/section>","protected":false},"excerpt":{"rendered":"<p>[vc_row css=&#8221;.vc_custom_1559904492967{margin-bottom: 50px !important;}&#8221;][vc_column][rev_slider_vc alias=&#8221;setores&#8221;][vc_column_text css=&#8221;.vc_custom_1559904408807{margin-bottom: 30px !important;}&#8221;] Especialistas em diversos setores Na Torrestir, temos sempre a melhor solu\u00e7\u00e3o para si, independentemente da sua \u00e1rea de neg\u00f3cio. Oferecemos-lhe uma gama completa de servi\u00e7os,&#8230;<\/p>\n","protected":false},"author":1,"featured_media":0,"parent":0,"menu_order":0,"comment_status":"closed","ping_status":"closed","template":"","meta":{"_uag_custom_page_level_css":""},"yoast_head":"<!-- This site is optimized with the Yoast SEO plugin v21.1 - https:\/\/yoast.com\/wordpress\/plugins\/seo\/ -->\n<title>Setores - Torrestir A\u00e7ores<\/title>\n<meta name=\"description\" content=\"Na Torrestir, temos sempre a melhor solu\u00e7\u00e3o para si. Oferecemos uma gama completa de servi\u00e7os em v\u00e1rias \u00e1reas de atua\u00e7\u00e3o com total controlo e informa\u00e7\u00e3o.\" \/>\n<meta name=\"robots\" content=\"index, follow, max-snippet:-1, max-image-preview:large, max-video-preview:-1\" \/>\n<link rel=\"canonical\" href=\"https:\/\/www.torrestir.com\/acores\/setores\/\" \/>\n<meta property=\"og:locale\" content=\"pt_PT\" \/>\n<meta property=\"og:type\" content=\"article\" \/>\n<meta property=\"og:title\" content=\"Setores - Torrestir A\u00e7ores\" \/>\n<meta property=\"og:description\" content=\"Na Torrestir, temos sempre a melhor solu\u00e7\u00e3o para si. Oferecemos uma gama completa de servi\u00e7os em v\u00e1rias \u00e1reas de atua\u00e7\u00e3o com total controlo e informa\u00e7\u00e3o.\" \/>\n<meta property=\"og:url\" content=\"https:\/\/www.torrestir.com\/acores\/setores\/\" \/>\n<meta property=\"og:site_name\" content=\"Torrestir A\u00e7ores\" \/>\n<meta property=\"article:modified_time\" content=\"2023-05-08T09:20:11+00:00\" \/>\n<meta name=\"twitter:card\" content=\"summary_large_image\" \/>\n<meta name=\"twitter:label1\" content=\"Tempo estimado de leitura\" \/>\n\t<meta name=\"twitter:data1\" content=\"3 minutos\" \/>\n<script type=\"application\/ld+json\" class=\"yoast-schema-graph\">{\"@context\":\"https:\/\/schema.org\",\"@graph\":[{\"@type\":\"WebPage\",\"@id\":\"https:\/\/www.torrestir.com\/acores\/setores\/\",\"url\":\"https:\/\/www.torrestir.com\/acores\/setores\/\",\"name\":\"Setores - Torrestir A\u00e7ores\",\"isPartOf\":{\"@id\":\"https:\/\/www.torrestir.com\/acores\/#website\"},\"datePublished\":\"2019-02-07T16:49:01+00:00\",\"dateModified\":\"2023-05-08T09:20:11+00:00\",\"description\":\"Na Torrestir, temos sempre a melhor solu\u00e7\u00e3o para si. Oferecemos uma gama completa de servi\u00e7os em v\u00e1rias \u00e1reas de atua\u00e7\u00e3o com total controlo e informa\u00e7\u00e3o.\",\"breadcrumb\":{\"@id\":\"https:\/\/www.torrestir.com\/acores\/setores\/#breadcrumb\"},\"inLanguage\":\"pt-PT\",\"potentialAction\":[{\"@type\":\"ReadAction\",\"target\":[\"https:\/\/www.torrestir.com\/acores\/setores\/\"]}]},{\"@type\":\"BreadcrumbList\",\"@id\":\"https:\/\/www.torrestir.com\/acores\/setores\/#breadcrumb\",\"itemListElement\":[{\"@type\":\"ListItem\",\"position\":1,\"name\":\"In\u00edcio\",\"item\":\"https:\/\/www.torrestir.com\/acores\/\"},{\"@type\":\"ListItem\",\"position\":2,\"name\":\"Setores\"}]},{\"@type\":\"WebSite\",\"@id\":\"https:\/\/www.torrestir.com\/acores\/#website\",\"url\":\"https:\/\/www.torrestir.com\/acores\/\",\"name\":\"Torrestir A\u00e7ores\",\"description\":\"Sem limites\",\"potentialAction\":[{\"@type\":\"SearchAction\",\"target\":{\"@type\":\"EntryPoint\",\"urlTemplate\":\"https:\/\/www.torrestir.com\/acores\/?s={search_term_string}\"},\"query-input\":\"required name=search_term_string\"}],\"inLanguage\":\"pt-PT\"}]}<\/script>\n<!-- \/ Yoast SEO plugin. -->","yoast_head_json":{"title":"Setores - Torrestir A\u00e7ores","description":"Na Torrestir, temos sempre a melhor solu\u00e7\u00e3o para si. Oferecemos uma gama completa de servi\u00e7os em v\u00e1rias \u00e1reas de atua\u00e7\u00e3o com total controlo e informa\u00e7\u00e3o.","robots":{"index":"index","follow":"follow","max-snippet":"max-snippet:-1","max-image-preview":"max-image-preview:large","max-video-preview":"max-video-preview:-1"},"canonical":"https:\/\/www.torrestir.com\/acores\/setores\/","og_locale":"pt_PT","og_type":"article","og_title":"Setores - Torrestir A\u00e7ores","og_description":"Na Torrestir, temos sempre a melhor solu\u00e7\u00e3o para si. Oferecemos uma gama completa de servi\u00e7os em v\u00e1rias \u00e1reas de atua\u00e7\u00e3o com total controlo e informa\u00e7\u00e3o.","og_url":"https:\/\/www.torrestir.com\/acores\/setores\/","og_site_name":"Torrestir A\u00e7ores","article_modified_time":"2023-05-08T09:20:11+00:00","twitter_card":"summary_large_image","twitter_misc":{"Tempo estimado de leitura":"3 minutos"},"schema":{"@context":"https:\/\/schema.org","@graph":[{"@type":"WebPage","@id":"https:\/\/www.torrestir.com\/acores\/setores\/","url":"https:\/\/www.torrestir.com\/acores\/setores\/","name":"Setores - Torrestir A\u00e7ores","isPartOf":{"@id":"https:\/\/www.torrestir.com\/acores\/#website"},"datePublished":"2019-02-07T16:49:01+00:00","dateModified":"2023-05-08T09:20:11+00:00","description":"Na Torrestir, temos sempre a melhor solu\u00e7\u00e3o para si. Oferecemos uma gama completa de servi\u00e7os em v\u00e1rias \u00e1reas de atua\u00e7\u00e3o com total controlo e informa\u00e7\u00e3o.","breadcrumb":{"@id":"https:\/\/www.torrestir.com\/acores\/setores\/#breadcrumb"},"inLanguage":"pt-PT","potentialAction":[{"@type":"ReadAction","target":["https:\/\/www.torrestir.com\/acores\/setores\/"]}]},{"@type":"BreadcrumbList","@id":"https:\/\/www.torrestir.com\/acores\/setores\/#breadcrumb","itemListElement":[{"@type":"ListItem","position":1,"name":"In\u00edcio","item":"https:\/\/www.torrestir.com\/acores\/"},{"@type":"ListItem","position":2,"name":"Setores"}]},{"@type":"WebSite","@id":"https:\/\/www.torrestir.com\/acores\/#website","url":"https:\/\/www.torrestir.com\/acores\/","name":"Torrestir A\u00e7ores","description":"Sem limites","potentialAction":[{"@type":"SearchAction","target":{"@type":"EntryPoint","urlTemplate":"https:\/\/www.torrestir.com\/acores\/?s={search_term_string}"},"query-input":"required name=search_term_string"}],"inLanguage":"pt-PT"}]}},"uagb_featured_image_src":{"full":false,"thumbnail":false,"medium":false,"medium_large":false,"large":false,"timeline-express":false,"timeline-express-thumbnail":false,"1536x1536":false,"2048x2048":false,"transcargo-image-255x170-croped":false,"transcargo-image-270x330-croped":false,"transcargo_image-600x377-croped":false,"transcargo_image-350x230-croped":false,"transcargo_image-130x130-croped":false,"transcargo_image-40x40-croped":false,"transcargo_image-1600x1024":false},"uagb_author_info":{"display_name":"administrator","author_link":"https:\/\/www.torrestir.com\/acores\/author\/administrator\/"},"uagb_comment_info":0,"uagb_excerpt":"[vc_row css=&#8221;.vc_custom_1559904492967{margin-bottom: 50px !important;}&#8221;][vc_column][rev_slider_vc alias=&#8221;setores&#8221;][vc_column_text css=&#8221;.vc_custom_1559904408807{margin-bottom: 30px !important;}&#8221;] Especialistas em diversos setores Na Torrestir, temos sempre a melhor solu\u00e7\u00e3o para si, independentemente da sua \u00e1rea de neg\u00f3cio. Oferecemos-lhe uma gama completa de servi\u00e7os,...","_links":{"self":[{"href":"https:\/\/www.torrestir.com\/acores\/wp-json\/wp\/v2\/pages\/1529"}],"collection":[{"href":"https:\/\/www.torrestir.com\/acores\/wp-json\/wp\/v2\/pages"}],"about":[{"href":"https:\/\/www.torrestir.com\/acores\/wp-json\/wp\/v2\/types\/page"}],"author":[{"embeddable":true,"href":"https:\/\/www.torrestir.com\/acores\/wp-json\/wp\/v2\/users\/1"}],"replies":[{"embeddable":true,"href":"https:\/\/www.torrestir.com\/acores\/wp-json\/wp\/v2\/comments?post=1529"}],"version-history":[{"count":2,"href":"https:\/\/www.torrestir.com\/acores\/wp-json\/wp\/v2\/pages\/1529\/revisions"}],"predecessor-version":[{"id":8213,"href":"https:\/\/www.torrestir.com\/acores\/wp-json\/wp\/v2\/pages\/1529\/revisions\/8213"}],"wp:attachment":[{"href":"https:\/\/www.torrestir.com\/acores\/wp-json\/wp\/v2\/media?parent=1529"}],"curies":[{"name":"wp","href":"https:\/\/api.w.org\/{rel}","templated":true}]}}